 45*z**2 - 2*z + 2. List the prime factors of r(o).
2, 89
Let m(f) = 375*f**2 + 5*f - 28. List the prime factors of m(3).
2, 41
Let h be (-2)/5 + (-12)/(-5). Let o(z) = 3*z**2 - 14*z + 17. Let m be o(6). Suppose m = 4*j - l, 19 = 2*j + l - h*l. What are the prime factors of j?
11
Suppose -4*y = -17 - 3. Suppose z + 161 = y*n - 2*z, 4*n - 130 = 3*z. What are the prime factors of -4 + n + (-2 - 1)?
2, 3
Suppose 51*y = 56*y - 25. What are the prime factors of (y/(-60)*-20)/((-2)/(-66))?
5, 11
Let u = 5 + -17. Suppose -4*k - 14 = -98. Let z = u + k. List the prime factors of z.
3
Suppose 0 = 58*v - 62*v + 92. Suppose -v*c - 1392 = -29*c. List the prime factors of c.
2, 29
Let f(n) = 5*n - 6. Let k be f(2). Suppose 5*y + 9*w = k*w + 1465, -1162 = -4*y + w. What are the prime factors of y?
3, 97
Suppose -2*q = -7*q. Suppose -d + 5 = q, -2*d = -y + 73 - 13. What are the prime factors of y?
2, 5, 7
Suppose 0 = -0*a + 2*a. Let v be (a - (0 - 2)) + 12. Let k = v + -8. What are the prime factors of k?
2, 3
Let z be (-6)/8 - 115/(-20). Suppose 0 = -z*h + 4*h + 54. What are the prime factors of h?
2, 3
Suppose v - 2*y = 764, -3*v - 3*y + 2396 = 59. List the prime factors of v.
2, 3, 43
Suppose -8 = 3*y - u, -4*y + u - 2 = 4*u. List the prime factors of (141/4)/((0 - y)/8).
3, 47
Suppose 159 = 9*m - 8*m. List the prime factors of m.
3, 53
What are the prime factors of -1*(8 - 2) - -3345?
3, 7, 53
Suppose 0 = -v - 2*v + u + 28, -5*v + 2*u + 48 = 0. Let o be v - (-7)/(28/(-16)). Suppose 44 = o*x - 20. What are the prime factors of x?
2
Let r = 261 + -98. What are the prime factors of r?
163
Suppose -2*n - r = -8, -14 + 0 = -3*n - 2*r. Suppose -5*b + 66 = n*c, 0 = -3*b + 2*c + 14 + 32. Let d = b + 6. What are the prime factors of d?
2, 5
What are the prime factors of 384 + -17 - 27/3?
2, 179
Let y = -113 - -219. Suppose -y - 94 = -4*t. List the prime factors of t.
2, 5
Let h = 3 - 3. Suppose 3*l - 15 = -h*y + 3*y, -3*l - 3*y = -3. Suppose 12 = i + 3*q, -l - 1 = 2*q. List the prime factors of i.
2, 3
Let z = 9 + -5. Suppose z*a = 8*a + 132. What are the prime factors of 9/(-3)*a/9?
11
Let s = -5 - -8. What are the prime factors of ((-1)/s)/(((-12)/(-711))/(-4))?
79
Suppose -20 = -7*l + 6*l. Suppose -2*s + l = 3*s. Suppose 5*o - 105 = -5*r, 38 = 2*r - 0*r + s*o. List the prime factors of r.
23
Suppose 2*h + 0*h = k + 7, 0 = 4*h + k + 1. Suppose 3 = 2*s - h. List the prime factors of ((-21)/(-6))/(s/4).
7
Let z be (-11)/66 - 2810/(-12). Let q = 427 - z. What are the prime factors of q?
193
Suppose -10*d + 456 - 26 = 0. Let k(b) = -7*b - 1. Let o be k(2). Let f = d + o. What are the prime factors of f?
2, 7
Suppose 0 = -w + 3, -2*k + 3*w = w - 1960. What are the prime factors of k?
983
Let v(k) = -k + 2. Let l be (2/4)/(13/(-234)). List the prime factors of v(l).
11
Suppose 7*t + 28 = 12*t + 3*n, 3*n - 13 = -2*t. Suppose 2*w = -t*b + 974, -2*b = -3*b - 3*w + 187. What are the prime factors of b?
2, 7
Let v(p) = -p**2 - p + 10. Let l be v(0). Let y(r) = -r - 10*r**2 + 60 - r**3 - 68 + 2*r**3 + 2*r. List the prime factors of y(l).
2
Let y(r) = -r**3 + 5*r**2 - 3*r + 1. Let m = 9 + -5. Suppose -2*t - 3*t = m*w - 11, 0 = 4*t - 4*w - 16. List the prime factors of y(t).
2, 5
What are the prime factors of 534/(-15)*(2 + -112)?
2, 11, 89
Let n be 6/9*-1*-42. Let w be 3/12 + 1925/n. Suppose -w = -4*o + 63. List the prime factors of o.
3, 11
Suppose -2*r = 2*r - 2*v - 736, 2*r - 362 = -2*v. Let t = r + -123. Suppose -g + t = 2*g. List the prime factors of g.
2, 5
Suppose -43*o = -48*o + 3*p + 1527, -5*o - 2*p + 1507 = 0. List the prime factors of o.
3, 101
Let r(o) = 2*o**2 - 13*o - 5. Let z be r(10). Suppose 3*f = q + 29, q + f = -4*q - z. What are the prime factors of (q/4)/1*-6?
3, 7
Suppose -l + 4*l + 99 = -4*v, 28 = -l - 3*v. Let a = l - -130. List the prime factors of a.
3, 31
Suppose 6*m = -14*m + 2340. Let g = m + -89. List the prime factors of g.
2, 7
Let v be ((-6)/4)/(-5 + 51/12). Suppose 376 = -v*g + 10*g. List the prime factors of g.
47
Let z(v) = 282*v**2 + 14*v + 22. List the prime factors of z(-4).
2, 2239
Let t = -5 + 4. What are the prime factors of (-5 - -1) + (-49)/t?
3, 5
Let v(r) = 13 + r**3 + r**2 + 3 - 9 + 39 - r. List the prime factors of v(0).
2, 23
Let h = 4 + -18. Let l = 27 + h. Let m = l + -4. List the prime factors of m.
3
Suppose 5*a - 30355 = -8*a. What are the prime factors of a?
5, 467
Suppose 0 = 4*c - i + 2*i + 56, 56 = -4*c + 4*i. Let q(r) = -2*r + 35. What are the prime factors of q(c)?
3, 7
Suppose -16 = -4*b + 2*b. Suppose 0 = -91*r + 100*r + 36. Let k = r + b. List the prime factors of k.
2
Let o be (-81)/4 + 5/20. List the prime factors of 15/(-6)*344/o.
43
Let n = 400 - 850. Let c = n + 679. List the prime factors of c.
229
Let m = -942 - -1379. Suppose -152 = 3*q - m. What are the prime factors of q?
5, 19
Let q(u) = u**3 - 22*u**2 - 39*u - 57. List the prime factors of q(24).
3, 53
Let o = 1351 + -945. What are the prime factors of o?
2, 7, 29
Let l(h) = -4*h + 39. Let d be l(9). Let t(o) = 0*o**3 + o**3 + 0*o**2 + 5*o - 3*o**2 - 2. What are the prime factors of t(d)?
13
Let r(j) = j + 14. Let y be r(0). What are the prime factors of ((-4992)/7)/(-3) - (-4)/y?
2, 7, 17
What are the prime factors of 21/(-3)*((-1928)/56 - -7)?
2, 3
Let j be 16/12*(-3)/(-2). Suppose 35 = j*d - 197. Let p = d + -68. List the prime factors of p.
2, 3
Let x be 0 + 3/3 + 6/3. Suppose -3*w - x*n = -270, -n = 2*w - 2*n - 165. What are the prime factors of w?
5, 17
Suppose 0 = -7*c - 26 - 716. What are the prime factors of c/5*5*(0 - 1)?
2, 53
Let x(i) = 55*i**2 - 6*i + 5. List the prime factors of x(6).
1949
Let j be (-60)/(-9)*(33/(-15) - -1). List the prime factors of 207/6 - (-4)/j.
2, 17
Suppose 2128 = 4*r + 468. What are the prime factors of r?
5, 83
Let s = -1341 - -2093. Let f = s + -478. List the prime factors of f/18 + (-2)/9.
3, 5
Suppose 0 = 2*t - 4*i - 770, -i = 4*t - 1290 - 286. What are the prime factors of t?
3, 131
Let x(b) = -2*b - 5. Let s(w) = w + 1. Let z(q) = -6*s(q) - x(q). Let g be z(4). Let c = -9 - g. What are the prime factors of c?
2
Let q = -38 - -39. Suppose 2*j - 746 = -4*b, 3*j - 4 = -q. List the prime factors of b.
2, 3, 31
Let q be (50/6)/(-5)*(-3)/1. Suppose 0 = -5*k + 5*s + 125, -3*s = q*k - 4*s - 121. What are the prime factors of k?
2, 3
Let b = 269 + 220. What are the prime factors of b?
3, 163
Suppose -41*h + 2304 = -37*h. Let d = h + -401. What are the prime factors of d?
5, 7
Suppose -12*b + 754 = -9*b + 4*d, -d + 250 = b. What are the prime factors of b?
2, 3, 41
Let b be -2 - (-10)/2 - 4. Let t be (b + 1)*(2 - 3). Suppose t = 3*d + d - 40. List the prime factors of d.
2, 5
Let q = 31 + -22. Suppose 0 = -7*o + 2*o + 25. Let b = q - o. List the prime factors of b.
2
Let x(j) = j**3 - 14*j**2 + 12*j - 20. Let r be x(10). List the prime factors of (r/4)/(-1 + 0).
3, 5
Suppose -21*q + 18*q - 60 = 0. Let p(v) = -v**3 - 21*v**2 - 22*v - 18. List the prime factors of p(q).
2, 11
Suppose -p = -2*m + 9, 9 = 3*p - 6*p. Suppose 3*l - 69 = -2*r + 89, 0 = -m*l - 3*r + 159. What are the prime factors of l?
2, 13
What are the prime factors of (-5)/(1*3/(-465))?
5, 31
Suppose 4*n - 16 = 8. Suppose -4*t + 2*q = -14, -4*t + 11 = -5*q - n. List the prime factors of (30/t)/((-2)/(-4)).
2, 5
Let t(v) = -v + 7. Suppose 3*z - 7 = 5. Let n be t(z). Let g = 9 - n. List the prime factors of g.
2, 3
Let h = -243 + 488. Suppose h = 7*z - 525. What are the prime factors of z?
2, 5, 11
Let z be (-16)/6*9/(-3). Let g(l) = -l**2 + 9*l - 5. Let p be g(z). Suppose p*n = -6 + 33. What are the prime factors of n?
3
Let f = 1960 - 586. List the prime factors of f.
2, 3, 229
Let z be (-1)/4 + (-4)/(-16). What are the prime factors of 2 + 154 + z + -3?
3, 17
Let y(w) = -34*w**3 + 7*w**2 - 3*w + 5. List the prime factors of y(-4).
5, 461
Suppose -82 = -2*b + 38. Let u = 111 - b. List the prime factors of u.
3, 17
Let p(k) = -2*k**2 - 9*k + k**2 - 5 - 8 + 26*k. Let y be p(12). Suppose -5*w + 15 = 0, 0 = -5*m - 3*w - w + y. List the prime factors of m.
7
List the prime factors of (344/(-16))/((-2)/52).
13, 43
Let z(w) be the second derivative of -w**5/120 + w**4/4 - w**3/6 - 6*w. Let m(u) be the second derivative of z(u). What are the prime factors 